Is 99040968 a multiple of 6?
True
Is 38 a factor of 1853828?
False
Is 166 a factor of 224723590?
False
Is 4 a factor of 59265017?
False
Is 25054868 a multiple of 101?
True
Does 1807 divide 190244042?
False
Is 55 a factor of 88930766?
False
Is 6 a factor of 2249604595?
False
Does 118 divide 215718986?
True
Does 22 divide 594535832?
True
Is 10063 a factor of 2007728412?
False
Is 217 a factor of 52695629?
True
Is 465512265 a multiple of 15?
True
Is 55303845 a multiple of 93?
True
Is 6313514700 a multiple of 16403?
True
Does 31 divide 59485342?
True
Does 232 divide 1454723550?
False
Does 1013 divide 1211031820?
False
Is 532867274 a multiple of 4?
False
Is 5 a factor of 17793075?
True
Is 9 a factor of 18692919?
True
Does 15 divide 1742968816?
False
Does 52 divide 36869419?
False
Is 42453636 a multiple of 3?
True
Does 1310 divide 503970100?
True
Is 802754046 a multiple of 29?
True
Is 26000304 a multiple of 22?
True
Is 92841012 a multiple of 459?
True
Does 520 divide 967779245?
False
Is 16 a factor of 330362560?
True
Is 1426610888 a multiple of 215?
False
Is 35302176 a multiple of 32?
True
Does 45 divide 57929485?
False
Is 4038 a factor of 139993422?
True
Is 55363833 a multiple of 4?
False
Does 54 divide 101252160?
True
Is 597815809 a multiple of 799?
False
Does 75 divide 2908796853?
False
Is 23572560 a multiple of 33?
True
Does 1327 divide 34317547?
True
Is 1655 a factor of 18844267?
False
Is 6078254 a multiple of 734?
True
Is 175 a factor of 254169437?
False
Does 28 divide 287153718?
False
Does 97 divide 9505367?
False
Is 671 a factor of 551613?
False
Is 263 a factor of 2129279?
False
Does 3420 divide 219149236?
False
Is 1165 a factor of 41633002?
False
Is 1778 a factor of 464672409?
False
Is 218171430 a multiple of 97?
True
Is 110 a factor of 46856742?
False
Is 5 a factor of 13871060?
True
Does 790 divide 16806460?
True
Is 97028348 a multiple of 116?
False
Does 792 divide 24548333?
False
Does 8 divide 200804511?
False
Is 24080815 a multiple of 583?
True
Does 8 divide 2057957906?
False
Is 260 a factor of 84304084?
False
Is 178629478 a multiple of 1018?
True
Does 162 divide 14199300?
True
Is 18630847 a multiple of 258?
False
Does 121 divide 111890047?
False
Is 15 a factor of 378920385?
True
Is 74703615 a multiple of 21?
True
Does 90 divide 208128870?
True
Is 183140655 a multiple of 129?
True
Is 7424532 a multiple of 6?
True
Is 707409 a multiple of 126?
False
Is 17481084 a multiple of 526?
True
Does 31 divide 103358689?
False
Is 1611090 a multiple of 243?
True
Is 7 a factor of 3036102?
False
Is 892 a factor of 1347530216?
False
Does 137 divide 41386467?
True
Is 314 a factor of 26798644?
True
Is 84725195 a multiple of 52?
False
Is 358 a factor of 1626965625?
False
Is 135998492 a multiple of 11?
False
Does 19 divide 254961808?
False
Is 9813363 a multiple of 12?
False
Does 499 divide 1432663431?
True
Is 1679954556 a multiple of 28?
True
Is 31 a factor of 4055266891?
True
Does 596 divide 161956444?
True
Is 1102 a factor of 512205258?
False
Does 28 divide 54103870?
False
Does 98 divide 1877998304?
True
Does 695 divide 312640885?
True
Is 8978 a factor of 505524246?
True
Is 816 a factor of 6519024?
True
Does 249 divide 27533175?
True
Does 2242 divide 3254392121?
False
Is 120840639 a multiple of 447?
True
Is 4384574 a multiple of 21?
False
Is 13 a factor of 16088428?
False
Is 48390181 a multiple of 686?
False
Is 248 a factor of 7369495?
False
Is 146 a factor of 10798452?
True
Is 13 a factor of 73582719?
False
Is 123 a factor of 773756592?
True
Is 15 a factor of 27534034?
False
Does 1018 divide 8079866?
True
Is 12969640 a multiple of 40?
True
Is 7 a factor of 246738583?
True
Is 3908162114 a multiple of 769?
False
Does 15 divide 347530622?
False
Is 118 a factor of 174994?
True
Is 884 a factor of 99175466?
False
Is 100 a factor of 230791931?
False
Is 58465310 a multiple of 3?
False
Is 19 a factor of 20006378?
False
Does 733 divide 215499068?
True
Is 17613868 a multiple of 233?
True
Is 1083 a factor of 472798048?
False
Does 2541 divide 779097228?
False
Is 2422790028 a multiple of 389?
True
Does 1197 divide 690587502?
False
Does 1623 divide 5654532?
True
Is 279795791 a multiple of 62?
False
Is 221384446 a multiple of 9?
False
Is 48068916 a multiple of 154?
False
Is 151 a factor of 7961452?
False
Is 17273628 a multiple of 82?
True
Is 278929455 a multiple of 36?
False
Is 98924327 a multiple of 27?
False
Is 96 a factor of 34750058?
False
Is 74 a factor of 79847628?
True
Is 281 a factor of 588791383?
True
Is 685 a factor of 12033395?
True
Does 602 divide 519208746?
True
Is 38662014 a multiple of 4835?
False
Is 344234990 a multiple of 6632?
False
Is 648002080 a multiple of 160?
True
Does 55 divide 17809440?
True
Is 335092075 a multiple of 1138?
False
Is 1087099950 a multiple of 25?
True
Is 20097231 a multiple of 77?
True
Is 2534546176 a multiple of 4736?
True
Is 261 a factor of 148453668?
True
Is 109 a factor of 3902427546?
False
Is 1038 a factor of 180517909?
False
Is 578 a factor of 23979520?
False
Is 186 a factor of 66470448?
True
Is 18 a factor of 462332000?
False
Does 28 divide 3559696?
True
Does 5 divide 3828235?
True
Is 65726280 a multiple of 779?
False
Does 79 divide 146029648?
False
Is 251468357 a multiple of 32?
False
Does 863 divide 331905775?
False
Does 166 divide 146578?
True
Is 21 a factor of 870943416?
True
Is 103152985 a multiple of 2029?
False
Is 93 a factor of 97405038?
True
Is 15219463 a multiple of 79?
False
Does 98 divide 16634125?
False
Is 12515200 a multiple of 6?
False
Is 458314263 a multiple of 5355?
False
Is 113140848 a multiple of 12?
True
Is 139 a factor of 284594716?
True
Does 4 divide 249667347?
False
Does 101 divide 102473878?
False
Does 2 divide 1321323?
False
Is 215 a factor of 333402380?
False
Does 74 divide 76613?
False
Does 4 divide 175245740?
True
Does 1328 divide 1832800688?
True
Does 163 divide 11330413?
False
Does 759 divide 1410652353?
True
Is 5 a factor of 17932810?
True
Does 1511 divide 950970612?
False
Is 710 a factor of 23510172?
False
Is 154495404 a multiple of 14?
True
Does 10 divide 74691835?
False
Is 13 a factor of 375086941?
False
Does 23 divide 213974911?
True
Does 219 divide 1506899437?
False
Is 20955233 a multiple of 559?
True
Is 263157052 a multiple of 2090?
False
Is 37405816 a multiple of 74?
True
Does 68 divide 27691144?
False
Is 1892 a factor of 1135377816?
False
Is 83 a factor of 32025218?
True
Does 846 divide 24241284?
True
Is 84469030 a multiple of 10?
True
Is 20 a factor of 1718454667?
False
Does 16 divide 603435440?
True
Is 90 a factor of 215157962?
False
Is 62 a factor of 16301527?
False
Does 53 divide 84219234?
False
Does 43 divide 69391798?
False
Is 1125 a factor of 109444500?
True
Is 69308717 a multiple of 1222?
False
Is 2347948647 a multiple of 27?
True
Is 17977232 a multiple of 728?
True
Does 4 divide 12383179?
False
Is 1344353295 a multiple of 4245?
True
Is 404 a factor of 33561442?
False
Does 101 divide 801839?
True
Does 8 divide 443967878?
False
Is 3941320750 a multiple of 269?
True
Does 986 divide 691506450?
True
Is 962220453 a multiple of 717?
True
Is 560214911 a multiple of 267?
False
Does 3511 divide 233769402?
True
Is 12479373 a multiple of 56?
False
Is 3717174 a multiple of 89?
True
Does 465 divide 343466509?
False
Is 2968253516 a multiple of 37?
True
Is 393800080 a multiple of 3280?
True
Is 5536 a factor of 823313768?
False
Is 1422 a factor of 15073889?
False
Does 775 divide 2131068650?
True
Is 2706307332 a multiple of 38?
True
Is 270010705 a multiple of 218?
False
Is 97820714 a multiple of 14?
False
Does 6 divide 2092053978?
True
Does 452 divide 79873824?
True
Is 5590538928 a multiple of 13?
True
Does 4246 divide 1691810751?
False
Is 29 a factor of 632530089?
False
Does 3055 divide 1093036230?
True
Does 14 divide 12876831?
False
Is 1218 a factor of 336033227?
False
Does 8927 divide 129539697?
True
Is 100802439 a multiple of 61?
True
Does 3 divide 2711491?
False
Does 14 divide 4322290065?
False
Does 1934 divide 5686099248?
True
Is 494137870 a multiple of 3395?
False
Is 257 a factor of 3465188330?
False
Is 11570202 a multiple of 21?
True
Does 10 divide 313072570?
True
Does 1328 divide 62474432?
True
Is 5594251 a multiple of 311?
False
Is 42264421 a multiple of 47?
True
Does 30 divide 583